 and 1365.
105
What is the greatest common factor of 81 and 7587?
27
What is the highest common factor of 4 and 50?
2
Calculate the highest common divisor of 147 and 1239.
21
Calculate the highest common factor of 276 and 15.
3
What is the greatest common factor of 55 and 176?
11
Calculate the highest common factor of 195 and 5421.
39
Calculate the highest common divisor of 124 and 434.
62
Calculate the highest common factor of 388 and 1261.
97
What is the highest common divisor of 136 and 34?
34
What is the highest common factor of 243 and 189?
27
What is the highest common factor of 3 and 27?
3
Calculate the greatest common factor of 310 and 335.
5
What is the highest common factor of 149 and 1?
1
What is the highest common divisor of 6 and 30?
6
What is the greatest common divisor of 14 and 224?
14
Calculate the greatest common divisor of 752 and 136.
8
Calculate the greatest common divisor of 1431 and 27.
27
What is the greatest common divisor of 10785 and 10?
5
Calculate the highest common factor of 28 and 40.
4
What is the greatest common factor of 1095 and 480?
15
Calculate the greatest common divisor of 795 and 15.
15
Calculate the greatest common factor of 48 and 36.
12
Calculate the highest common divisor of 51 and 272.
17
What is the greatest common factor of 72 and 126?
18
Calculate the highest common divisor of 7616 and 1190.
238
What is the highest common divisor of 9 and 27747?
9
What is the highest common factor of 42 and 2443?
7
What is the highest common divisor of 28 and 28?
28
Calculate the greatest common factor of 44 and 473.
11
What is the greatest common factor of 620 and 24?
4
Calculate the greatest common divisor of 6 and 246.
6
Calculate the highest common factor of 1081 and 141.
47
Calculate the highest common factor of 7 and 14.
7
Calculate the greatest common factor of 52 and 234.
26
Calculate the highest common divisor of 75 and 125.
25
What is the greatest common factor of 56 and 2926?
14
What is the greatest common factor of 88 and 1100?
44
What is the highest common divisor of 29 and 1?
1
Calculate the greatest common factor of 3468 and 60.
12
Calculate the highest common factor of 231 and 132.
33
Calculate the highest common divisor of 90 and 81.
9
Calculate the greatest common factor of 24 and 3348.
12
Calculate the greatest common factor of 36 and 45.
9
Calculate the greatest common divisor of 99 and 9.
9
What is the highest common factor of 10 and 20?
10
Calculate the highest common factor of 494 and 38.
38
What is the highest common divisor of 84 and 1344?
84
Calculate the highest common factor of 9626 and 2.
2
Calculate the greatest common divisor of 40 and 30.
10
What is the highest common factor of 522 and 29?
29
Calculate the greatest common factor of 1377 and 17.
17
Calculate the greatest common divisor of 30 and 9.
3
What is the highest common factor of 12 and 244?
4
Calculate the greatest common factor of 308 and 132.
44
Calculate the highest common factor of 19 and 95.
19
What is the greatest common divisor of 246 and 2829?
123
What is the highest common factor of 19 and 34637?
19
Calculate the highest common factor of 8 and 12808.
8
What is the greatest common divisor of 5 and 360?
5
What is the highest common factor of 1818 and 18?
18
What is the highest common factor of 3416 and 252?
28
Calculate the greatest common factor of 30 and 750.
30
What is the highest common factor of 3068 and 52?
52
Calculate the greatest common divisor of 7413 and 21.
21
What is the greatest common factor of 9 and 135?
9
What is the highest common factor of 154 and 1001?
77
What is the greatest common divisor of 6520 and 20?
20
Calculate the greatest common factor of 2058 and 84.
42
What is the greatest common factor of 435 and 240?
15
Calculate the greatest common divisor of 65 and 585.
65
What is the highest common divisor of 1260 and 1980?
180
What is the highest common divisor of 684 and 504?
36
Calculate the greatest common divisor of 4459 and 91.
91
What is the highest common factor of 923 and 13?
13
Calculate the greatest common factor of 25380 and 40.
20
What is the highest common divisor of 13 and 3237?
13
What is the greatest common divisor of 33 and 132?
33
Calculate the highest common factor of 1953 and 42.
21
Calculate the highest common divisor of 6700 and 1000.
100
Calculate the highest common factor of 14 and 21602.
14
What is the greatest common divisor of 12 and 2916?
12
What is the highest common factor of 7 and 8267?
7
Calculate the greatest common factor of 119 and 221.
17
Calculate the highest common divisor of 550 and 660.
110
What is the highest common factor of 323 and 51?
17
What is the greatest common divisor of 374 and 34?
34
Calculate the greatest common divisor of 72 and 16992.
72
Calculate the greatest common divisor of 465 and 15.
15
What is the greatest common factor of 3 and 5919?
3
What is the highest common factor of 117 and 3016?
13
What is the greatest common factor of 56 and 3906?
14
Calculate the highest common factor of 1173 and 552.
69
Calculate the highest common factor of 3014 and 110.
22
What is the highest common factor of 13824 and 108?
108
Calculate the highest common divisor of 110 and 1790.
10
Calculate the highest common divisor of 33283 and 83.
83
Calculate the greatest common divisor of 88 and 1012.
44
What is the greatest common divisor of 511 and 21?
7
What is the highest common divisor of 3 and 219?
3
What is the highest common factor of 50 and 5050?
50
Calculate the highest common divisor of 13 and 2509.
13
What is the highest common divisor of 4 and 734?
2
Calculate the greatest common factor of 3495 and 75.
15
What is the greatest common divisor of 63 and 5958?
9
What is the greatest common divisor of 202 and 4?
2
What is the highest common factor of 18 and 63?
9
Calculate the highest common factor of 500 and 2100.
100
Calculate the highest common factor of 444 and 37.
37
Calculate the greatest common factor of 17 and 527.
17
Calculate the greatest common factor of 312 and 18.
6
Calculate the highest common divisor of 1480 and 222.
74
What is the greatest common divisor of 11652 and 12?
12
What is the highest common divisor of 78 and 4?
2
What is the greatest common factor of 4880 and 854?
122
What is the greatest common factor of 92 and 3404?
92
Calculate the greatest common divisor of 11 and 1.
1
What is the greatest common divisor of 29466 and 18?
18
Calculate the greatest common factor of 606 and 6.
6
What is the greatest common factor of 970 and 6208?
194
What is the greatest common factor of 294 and 966?
42
Calculate the greatest common divisor of 28 and 861.
7
What is the greatest common factor of 30 and 5370?
30
What is the greatest common factor of 32 and 20?
4
Calculate the highest common divisor of 413 and 7.
7
Calculate the greatest common divisor of 192 and 12.
12
Calculate the highest common factor of 3 and 48.
3
Calculate the highest common divisor of 62 and 3751.
31
Calculate the greatest common divisor of 205 and 10619.
41
Calculate the highest common factor of 17 and 527.
17
Calculate the greatest common divisor of 140 and 56.
28
What is the highest common factor of 2700 and 216?
108
Calculate the greatest common divisor of 1017 and 9.
9
What is the highest common divisor of 828 and 114?
6
Calculate the highest common factor of 23590 and 70.
70
What is the highest common factor of 206 and 26368?
206
What is the greatest common factor of 20 and 17330?
10
Calculate the highest common factor of 492 and 2.
2
Calculate the highest common divisor of 406 and 58.
58
Calculate the highest common factor of 4537 and 7678.
349
Calculate the highest common divisor of 651 and 279.
93
What is the highest common factor of 300 and 75?
75
Calculate the highest common factor of 14025 and 10.
5
What is the greatest common divisor of 14 and 686?
14
What is the highest common factor of 12 and 1788?
12
What is the highest common factor of 733 and 3?
1
Calculate the highest common divisor of 24 and 552.
24
Calculate the greatest common factor of 18 and 13698.
18
Calculate the greatest common factor of 54 and 486.
54
What is the highest common divisor of 925 and 814?
37
What is the highest common divisor of 778 and 2?
2
What is the highest common factor of 1926